{"id":52,"date":"2022-03-10T20:30:05","date_gmt":"2022-03-10T19:30:05","guid":{"rendered":"http:\/\/mv-rammersweier.de\/wordpress\/?page_id=52"},"modified":"2023-04-04T14:26:50","modified_gmt":"2023-04-04T12:26:50","slug":"geschichte","status":"publish","type":"page","link":"https:\/\/mv-rammersweier.de\/?page_id=52","title":{"rendered":"Geschichte"},"content":{"rendered":"\n<p><strong>Die Gr\u00fcndung<\/strong><\/p>\n\n\n\n<p>Gegr\u00fcndet wurde der Musikverein Rammersweier am 07. September 1913 als &#8222;Blechmusikverein Rammersweier&#8220;. Der Gr\u00fcndungsvorsitzende Theodor Mai sowie Dirigent Willy Mante waren die damaligen St\u00fctzen des Vereins. Nur kurze Zeit war jedoch ein Musizieren m\u00f6glich, denn der 1. Weltkrieg legte den Verein in seinen Aktivit\u00e4ten lahm. Am Ende der Kriegswirren mu\u00dfte man sich wieder neu formieren; gl\u00fccklicherweise wieder mit dem 1. Vorsitzenden Mai und dem Dirigenten Mante. Fortan konnte sich die Kapelle auf die eigentlichen Aufgaben konzentrieren und schnell wurde der Musikverein zu einem wichtigen kulturellen Begriff im Dorfgeschehen.<\/p>\n\n\n\n<p><br>1938 feierte der Verein unter gro\u00dfem Einsatz vieler ehrenamtlicher Helfer sein 25-j\u00e4hriges Bestehen. Auch w\u00e4hrend des 2. Weltkrieges kam das Vereinsleben zum Erliegen. Nur dem energischen Willen des Dirigenten Willy Mante, der den zuk\u00fcnftig aktiven Musikern den Umgang mit dem Instrument beibrachte, ist es zu verdanken, da\u00df der Verein trotz des Verlustes von 10 aktiven Musikern sowie dem Tod des Vorsitzenden Franz Hauser 1947 seine T\u00e4tigkeit wieder aufnahm.<\/p>\n\n\n\n<figure class=\"wp-block-image size-full is-resized\"><img decoding=\"async\" loading=\"lazy\" src=\"https:\/\/mv-rammersweier.de\/wp-content\/uploads\/2023\/04\/06_Verein_1952-1.jpg\" alt=\"\" class=\"wp-image-185\" width=\"487\" height=\"320\" srcset=\"https:\/\/mv-rammersweier.de\/wp-content\/uploads\/2023\/04\/06_Verein_1952-1.jpg 640w, https:\/\/mv-rammersweier.de\/wp-content\/uploads\/2023\/04\/06_Verein_1952-1-300x197.jpg 300w\" sizes=\"(max-width: 487px) 100vw, 487px\" \/><\/figure>\n\n\n\n<p><a href=\"https:\/\/mv-rammersweier.de\/images\/content\/Bilder\/Geschichte\/1929-1970\/07_Empfang%20Hostenbach_1963.jpg\"><\/a><a href=\"https:\/\/mv-rammersweier.de\/images\/content\/Bilder\/Geschichte\/1929-1970\/08_Empfang%20Hostenbach_1963_2.jpg\"><\/a><a href=\"https:\/\/mv-rammersweier.de\/images\/content\/Bilder\/Geschichte\/1929-1970\/09_50-jaehriges%20Jubilaeum_1963.jpg\"><\/a><a href=\"https:\/\/mv-rammersweier.de\/images\/content\/Bilder\/Geschichte\/1929-1970\/11_Jugendkapelle_19xx_2.jpg\"><\/a><a href=\"https:\/\/mv-rammersweier.de\/images\/content\/Bilder\/Geschichte\/1929-1970\/12_Jugendkapelle_19xx.jpg\"><\/a><a href=\"https:\/\/mv-rammersweier.de\/images\/content\/Bilder\/Geschichte\/1929-1970\/13_Oostende_1968.jpg\"><\/a><strong><br>Die Neue Zeit<\/strong><\/p>\n\n\n\n<p>Mit dem 1. Vorsitzenden Franz Litterst ging man in die &#8222;Neue Zeit&#8220;. 1952 \u00fcbernahm Heinrich Pfefferle die Vereinsf\u00fchrung. Nach fast 45 (!) Jahren \u00fcbergab Willy Mante 1958 den Taktstock an seinen Nachfolger Theo Merker. Theo Merker, der auf der soliden Grundlage seines Vorg\u00e4ngers aufbauen konnte, f\u00fchrte die Kapelle von Erfolg zu Erfolg. So erreichte man unter seiner Leitung 1959 einen 1. Platz bei einem Wertungsspiel in Dornbirn (\u00d6sterreich). Des Weiteren verstand er es, Jungmusiker f\u00fcr den Verein zu gewinnen und bildete sie zum Teil selbst aus. Viele seiner &#8222;Z\u00f6glinge&#8220; sind auch heute noch aktiv dabei. 1970 gab Heinrich Pfefferle sein Amt nach 18-j\u00e4hriger T\u00e4tigkeit an den bisherigen Kassier Ernst Fey ab.<br><br>Ein weiterer Meilenstein in der Geschichte des Vereins war das 60-j\u00e4hrige Jubil\u00e4um 1973. Rechtzeitig zu diesem Fest hatten Dirigent Theo Merker und Vorstand Ernst Fey eine Jugendkapelle aufgebaut. Mit 28 (!) Jungmusikern hatte man sich das sch\u00f6nste Geschenk selbst gemacht. <br><br>Nach fast 20-j\u00e4hriger T\u00e4tigkeit legte Theo Merker 1977 den Taktstock nieder. Er verabschiedete sich nur ungern von &#8222;seinen&#8220; Musikern. Der Musikverein ernannte ihn zum Ehrendirigenten und hielt bis zuletzt engen Kontakt zu Herrn Merker.<\/p>\n\n\n\n<figure class=\"wp-block-image size-full is-resized\"><img decoding=\"async\" loading=\"lazy\" src=\"https:\/\/mv-rammersweier.de\/wp-content\/uploads\/2023\/04\/14_Verein_19xx_2.jpg\" alt=\"\" class=\"wp-image-183\" width=\"426\" height=\"301\" srcset=\"https:\/\/mv-rammersweier.de\/wp-content\/uploads\/2023\/04\/14_Verein_19xx_2.jpg 640w, https:\/\/mv-rammersweier.de\/wp-content\/uploads\/2023\/04\/14_Verein_19xx_2-300x212.jpg 300w\" sizes=\"(max-width: 426px) 100vw, 426px\" \/><\/figure>\n\n\n\n<p><br><strong>Das Jahrhundert<\/strong><\/p>\n\n\n\n<p>Sein Nachfolger wurde ein sehr junger Mann: Dieter Kunz, der seither an der musikalischen Spitze des Vereins stand, \u00fcbernahm das schwere Amt des Dirigenten und dr\u00fcckte der Musikkapelle viele Jahre seinen Stempel auf. Mit Ernst Fey und Dieter Kunz hatte die Vereinsf\u00fchrung eine wesentliche Verj\u00fcngung erfahren. 1979 mu\u00dfte Ernst Fey sein Amt aus gesundheitlichen Gr\u00fcnden aufgeben. Zum Interimsvorsitzenden erkl\u00e4rte sich der Ortsvorsteher Heinz-J\u00fcrgen Steiert bereit. <br><br>1980 \u00fcbernahm der bisherige 2. Vorsitzende und aktive Musiker Helmut Rach die Geschicke des Vereins. Sein Nachfolger war 1986 Herbert Fischer, der den Verein 9 Jahre lang mit gro\u00dfem Geschick leitete, bevor er die Vereinsf\u00fchrung ebenfalls aus gesundheitlichen Gr\u00fcnden niederlegen mu\u00dfte. Anschlie\u00dfend \u00fcbernahm Alfred Scharmann den Vereinsvorsitz und sollte das noch viele weitere Jahre tun.  Mit seinem Einsatz und dem seiner Vorg\u00e4nger sowie dem enormen Engagement des Dirigenten Dieter Kunz, der auch einen Gro\u00dfteil der Jugendausbildung selbst durchf\u00fchrte, feierte die Kapelle 1998 ihr 85-j\u00e4hriges Jubil\u00e4um.<br><br>Zum 100j\u00e4hrigen Bestehen im Jubil\u00e4umsjahr 2013 setzte sich die Kapelle aus knapp \u00fcber 60 aktiven Musikerinnen und Musikern im Alter von 12 bis 70 Jahren und rund 25 Z\u00f6glingen zusammen. Neben der musikalischen Einzelausbildung und der Probe der Jugendkapelle findet w\u00f6chentlich eine gemeinsame Probe des Gesamtorchesters statt. Auftritte der Kapelle, deren weitgef\u00e4chertes Repertoire von der klassischen Blasmusik bis hin zu aktuellen Rock- und Poprhythmen reicht, finden nicht nur in der n\u00e4heren Umgebung sondern in nahezu ganz Baden-W\u00fcrttemberg und dem nahen Ausland gro\u00dfen Anklang.<\/p>\n\n\n\n<figure class=\"wp-block-image size-full\"><img decoding=\"async\" loading=\"lazy\" width=\"1004\" height=\"335\" src=\"https:\/\/mv-rammersweier.de\/wp-content\/uploads\/2022\/02\/cropped-Musikverein-1.png\" alt=\"\" class=\"wp-image-13\" srcset=\"https:\/\/mv-rammersweier.de\/wp-content\/uploads\/2022\/02\/cropped-Musikverein-1.png 1004w, https:\/\/mv-rammersweier.de\/wp-content\/uploads\/2022\/02\/cropped-Musikverein-1-300x100.png 300w, https:\/\/mv-rammersweier.de\/wp-content\/uploads\/2022\/02\/cropped-Musikverein-1-768x256.png 768w\" sizes=\"(max-width: 1004px) 100vw, 1004px\" \/><\/figure>\n\n\n\n<p><br><br><strong>Jetzt und Heute<\/strong><\/p>\n\n\n\n<p>Der R\u00fccktritt unseres langj\u00e4hrigen 1. Vorstands Alfred Scharmann f\u00fchrte in der Vorstandschaft zu einigen Ver\u00e4nderungen. Die neue Spitze des Vorstand setzt sich seither aus Schriftf\u00fchrer, Kassierer und Vorstandssprecher zusammen.  <br> <br>2017 entschied sich Dieter Kunz den Dirigentenstock niederzulegen und wurde nach 40 Jahren als Dirigent und Ausbilder zum Ehrendirigent des Vereins ernannt.  Gl\u00fccklicherweise hat der Verein schnell einen Nachfolger gefunden, der in die gro\u00dfen Fu\u00dfstapfen von Dieter Kunz treten w\u00fcrde. Christian May kam durch seine Frau als Gastmusiker zum Musikverein Rammersweier. Mehrere Jahre konnte er am Bariton gl\u00e4nzen. Als jedoch klar wurde, dass Dieter Kunz seinen Taktstock niederlegen wird war er hoch motiviert das Dirigat zu \u00fcbernehmen. Der Musikverein ist stolz darauf einen Musiker aus den eigenen Reihen als Dirigent zu ernennen. <\/p>\n\n\n\n<figure class=\"wp-block-image size-large is-resized\"><img decoding=\"async\" loading=\"lazy\" src=\"https:\/\/mv-rammersweier.de\/wp-content\/uploads\/2022\/05\/cropped-Foto-Lienert-Musikverein-Rammersweier-3-1-scaled-4-1024x615.jpg\" alt=\"\" class=\"wp-image-93\" width=\"615\" height=\"369\" srcset=\"https:\/\/mv-rammersweier.de\/wp-content\/uploads\/2022\/05\/cropped-Foto-Lienert-Musikverein-Rammersweier-3-1-scaled-4-1024x615.jpg 1024w, https:\/\/mv-rammersweier.de\/wp-content\/uploads\/2022\/05\/cropped-Foto-Lienert-Musikverein-Rammersweier-3-1-scaled-4-300x180.jpg 300w, https:\/\/mv-rammersweier.de\/wp-content\/uploads\/2022\/05\/cropped-Foto-Lienert-Musikverein-Rammersweier-3-1-scaled-4-768x461.jpg 768w, https:\/\/mv-rammersweier.de\/wp-content\/uploads\/2022\/05\/cropped-Foto-Lienert-Musikverein-Rammersweier-3-1-scaled-4.jpg 1500w\" sizes=\"(max-width: 615px) 100vw, 615px\" \/><\/figure>\n\n\n\n<p><br><\/p>\n","protected":false},"excerpt":{"rendered":"<p>Die Gr\u00fcndung Gegr\u00fcndet wurde der Musikverein Rammersweier am 07. September 1913 als &#8222;Blechmusikverein Rammersweier&#8220;. Der Gr\u00fcndungsvorsitzende Theodor Mai sowie Dirigent Willy Mante waren die damaligen St\u00fctzen des Vereins. Nur kurze Zeit war jedoch ein Musizieren m\u00f6glich, denn der 1. Weltkrieg legte den Verein in seinen Aktivit\u00e4ten lahm. Am Ende der Kriegswirren mu\u00dfte man sich wieder [&hellip;]<\/p>\n","protected":false},"author":1,"featured_media":0,"parent":0,"menu_order":0,"comment_status":"closed","ping_status":"closed","template":"","meta":[],"yoast_head":"<!-- This site is optimized with the Yoast SEO plugin v20.12 - https:\/\/yoast.com\/wordpress\/plugins\/seo\/ -->\n<title>Geschichte - Musikverein Rammersweier e.V.<\/title>\n<meta name=\"robots\" content=\"index, follow, max-snippet:-1, max-image-preview:large, max-video-preview:-1\" \/>\n<link rel=\"canonical\" href=\"https:\/\/mv-rammersweier.de\/?page_id=52\" \/>\n<meta property=\"og:locale\" content=\"de_DE\" \/>\n<meta property=\"og:type\" content=\"article\" \/>\n<meta property=\"og:title\" content=\"Geschichte - Musikverein Rammersweier e.V.\" \/>\n<meta property=\"og:description\" content=\"Die Gr\u00fcndung Gegr\u00fcndet wurde der Musikverein Rammersweier am 07. September 1913 als &#8222;Blechmusikverein Rammersweier&#8220;. Der Gr\u00fcndungsvorsitzende Theodor Mai sowie Dirigent Willy Mante waren die damaligen St\u00fctzen des Vereins. Nur kurze Zeit war jedoch ein Musizieren m\u00f6glich, denn der 1. Weltkrieg legte den Verein in seinen Aktivit\u00e4ten lahm. Am Ende der Kriegswirren mu\u00dfte man sich wieder [&hellip;]\" \/>\n<meta property=\"og:url\" content=\"https:\/\/mv-rammersweier.de\/?page_id=52\" \/>\n<meta property=\"og:site_name\" content=\"Musikverein Rammersweier e.V.\" \/>\n<meta property=\"article:modified_time\" content=\"2023-04-04T12:26:50+00:00\" \/>\n<meta property=\"og:image\" content=\"http:\/\/mv-rammersweier.de\/wp-content\/uploads\/2023\/04\/06_Verein_1952-1.jpg\" \/>\n<meta name=\"twitter:card\" content=\"summary_large_image\" \/>\n<meta name=\"twitter:label1\" content=\"Gesch\u00e4tzte Lesezeit\" \/>\n\t<meta name=\"twitter:data1\" content=\"4\u00a0Minuten\" \/>\n<script type=\"application\/ld+json\" class=\"yoast-schema-graph\">{\"@context\":\"https:\/\/schema.org\",\"@graph\":[{\"@type\":\"WebPage\",\"@id\":\"https:\/\/mv-rammersweier.de\/?page_id=52\",\"url\":\"https:\/\/mv-rammersweier.de\/?page_id=52\",\"name\":\"Geschichte - Musikverein Rammersweier e.V.\",\"isPartOf\":{\"@id\":\"https:\/\/mv-rammersweier.de\/#website\"},\"datePublished\":\"2022-03-10T19:30:05+00:00\",\"dateModified\":\"2023-04-04T12:26:50+00:00\",\"breadcrumb\":{\"@id\":\"https:\/\/mv-rammersweier.de\/?page_id=52#breadcrumb\"},\"inLanguage\":\"de\",\"potentialAction\":[{\"@type\":\"ReadAction\",\"target\":[\"https:\/\/mv-rammersweier.de\/?page_id=52\"]}]},{\"@type\":\"BreadcrumbList\",\"@id\":\"https:\/\/mv-rammersweier.de\/?page_id=52#breadcrumb\",\"itemListElement\":[{\"@type\":\"ListItem\",\"position\":1,\"name\":\"Startseite\",\"item\":\"https:\/\/mv-rammersweier.de\/\"},{\"@type\":\"ListItem\",\"position\":2,\"name\":\"Geschichte\"}]},{\"@type\":\"WebSite\",\"@id\":\"https:\/\/mv-rammersweier.de\/#website\",\"url\":\"https:\/\/mv-rammersweier.de\/\",\"name\":\"Musikverein Rammersweier e.V.\",\"description\":\"\",\"publisher\":{\"@id\":\"https:\/\/mv-rammersweier.de\/#organization\"},\"potentialAction\":[{\"@type\":\"SearchAction\",\"target\":{\"@type\":\"EntryPoint\",\"urlTemplate\":\"https:\/\/mv-rammersweier.de\/?s={search_term_string}\"},\"query-input\":\"required name=search_term_string\"}],\"inLanguage\":\"de\"},{\"@type\":\"Organization\",\"@id\":\"https:\/\/mv-rammersweier.de\/#organization\",\"name\":\"Musikverein Rammersweier e.V.\",\"url\":\"https:\/\/mv-rammersweier.de\/\",\"logo\":{\"@type\":\"ImageObject\",\"inLanguage\":\"de\",\"@id\":\"https:\/\/mv-rammersweier.de\/#\/schema\/logo\/image\/\",\"url\":\"https:\/\/mv-rammersweier.de\/wp-content\/uploads\/2023\/04\/Logo_pos_RGB-e1680610441244.jpg\",\"contentUrl\":\"https:\/\/mv-rammersweier.de\/wp-content\/uploads\/2023\/04\/Logo_pos_RGB-e1680610441244.jpg\",\"width\":594,\"height\":410,\"caption\":\"Musikverein Rammersweier e.V.\"},\"image\":{\"@id\":\"https:\/\/mv-rammersweier.de\/#\/schema\/logo\/image\/\"}}]}<\/script>\n<!-- \/ Yoast SEO plugin. -->","yoast_head_json":{"title":"Geschichte - Musikverein Rammersweier e.V.","robots":{"index":"index","follow":"follow","max-snippet":"max-snippet:-1","max-image-preview":"max-image-preview:large","max-video-preview":"max-video-preview:-1"},"canonical":"https:\/\/mv-rammersweier.de\/?page_id=52","og_locale":"de_DE","og_type":"article","og_title":"Geschichte - Musikverein Rammersweier e.V.","og_description":"Die Gr\u00fcndung Gegr\u00fcndet wurde der Musikverein Rammersweier am 07. September 1913 als &#8222;Blechmusikverein Rammersweier&#8220;. Der Gr\u00fcndungsvorsitzende Theodor Mai sowie Dirigent Willy Mante waren die damaligen St\u00fctzen des Vereins. Nur kurze Zeit war jedoch ein Musizieren m\u00f6glich, denn der 1. Weltkrieg legte den Verein in seinen Aktivit\u00e4ten lahm. Am Ende der Kriegswirren mu\u00dfte man sich wieder [&hellip;]","og_url":"https:\/\/mv-rammersweier.de\/?page_id=52","og_site_name":"Musikverein Rammersweier e.V.","article_modified_time":"2023-04-04T12:26:50+00:00","og_image":[{"url":"http:\/\/mv-rammersweier.de\/wp-content\/uploads\/2023\/04\/06_Verein_1952-1.jpg"}],"twitter_card":"summary_large_image","twitter_misc":{"Gesch\u00e4tzte Lesezeit":"4\u00a0Minuten"},"schema":{"@context":"https:\/\/schema.org","@graph":[{"@type":"WebPage","@id":"https:\/\/mv-rammersweier.de\/?page_id=52","url":"https:\/\/mv-rammersweier.de\/?page_id=52","name":"Geschichte - Musikverein Rammersweier e.V.","isPartOf":{"@id":"https:\/\/mv-rammersweier.de\/#website"},"datePublished":"2022-03-10T19:30:05+00:00","dateModified":"2023-04-04T12:26:50+00:00","breadcrumb":{"@id":"https:\/\/mv-rammersweier.de\/?page_id=52#breadcrumb"},"inLanguage":"de","potentialAction":[{"@type":"ReadAction","target":["https:\/\/mv-rammersweier.de\/?page_id=52"]}]},{"@type":"BreadcrumbList","@id":"https:\/\/mv-rammersweier.de\/?page_id=52#breadcrumb","itemListElement":[{"@type":"ListItem","position":1,"name":"Startseite","item":"https:\/\/mv-rammersweier.de\/"},{"@type":"ListItem","position":2,"name":"Geschichte"}]},{"@type":"WebSite","@id":"https:\/\/mv-rammersweier.de\/#website","url":"https:\/\/mv-rammersweier.de\/","name":"Musikverein Rammersweier e.V.","description":"","publisher":{"@id":"https:\/\/mv-rammersweier.de\/#organization"},"potentialAction":[{"@type":"SearchAction","target":{"@type":"EntryPoint","urlTemplate":"https:\/\/mv-rammersweier.de\/?s={search_term_string}"},"query-input":"required name=search_term_string"}],"inLanguage":"de"},{"@type":"Organization","@id":"https:\/\/mv-rammersweier.de\/#organization","name":"Musikverein Rammersweier e.V.","url":"https:\/\/mv-rammersweier.de\/","logo":{"@type":"ImageObject","inLanguage":"de","@id":"https:\/\/mv-rammersweier.de\/#\/schema\/logo\/image\/","url":"https:\/\/mv-rammersweier.de\/wp-content\/uploads\/2023\/04\/Logo_pos_RGB-e1680610441244.jpg","contentUrl":"https:\/\/mv-rammersweier.de\/wp-content\/uploads\/2023\/04\/Logo_pos_RGB-e1680610441244.jpg","width":594,"height":410,"caption":"Musikverein Rammersweier e.V."},"image":{"@id":"https:\/\/mv-rammersweier.de\/#\/schema\/logo\/image\/"}}]}},"_links":{"self":[{"href":"https:\/\/mv-rammersweier.de\/index.php?rest_route=\/wp\/v2\/pages\/52"}],"collection":[{"href":"https:\/\/mv-rammersweier.de\/index.php?rest_route=\/wp\/v2\/pages"}],"about":[{"href":"https:\/\/mv-rammersweier.de\/index.php?rest_route=\/wp\/v2\/types\/page"}],"author":[{"embeddable":true,"href":"https:\/\/mv-rammersweier.de\/index.php?rest_route=\/wp\/v2\/users\/1"}],"replies":[{"embeddable":true,"href":"https:\/\/mv-rammersweier.de\/index.php?rest_route=%2Fwp%2Fv2%2Fcomments&post=52"}],"version-history":[{"count":17,"href":"https:\/\/mv-rammersweier.de\/index.php?rest_route=\/wp\/v2\/pages\/52\/revisions"}],"predecessor-version":[{"id":204,"href":"https:\/\/mv-rammersweier.de\/index.php?rest_route=\/wp\/v2\/pages\/52\/revisions\/204"}],"wp:attachment":[{"href":"https:\/\/mv-rammersweier.de\/index.php?rest_route=%2Fwp%2Fv2%2Fmedia&parent=52"}],"curies":[{"name":"wp","href":"https:\/\/api.w.org\/{rel}","templated":true}]}}